{"id":2223,"date":"2024-04-27T18:49:20","date_gmt":"2024-04-27T18:49:20","guid":{"rendered":"https:\/\/hotelmiovallarta.com.mx\/qr\/reglamento\/?page_id=2223"},"modified":"2024-04-27T19:01:51","modified_gmt":"2024-04-27T19:01:51","slug":"menu-mixologias","status":"publish","type":"page","link":"https:\/\/hotelmiovallarta.com.mx\/qr\/reglamento\/menu-mixologias\/","title":{"rendered":"Menu Mixologias"},"content":{"rendered":"\t\t<div data-elementor-type=\"wp-page\" data-elementor-id=\"2223\" class=\"elementor elementor-2223\" data-elementor-post-type=\"page\">\n\t\t\t\t\t\t<section class=\"elementor-section elementor-top-section elementor-element elementor-element-c8c5406 elementor-section-boxed elementor-section-height-default elementor-section-height-default\" data-id=\"c8c5406\" data-element_type=\"section\">\n\t\t\t\t\t\t<div class=\"elementor-container elementor-column-gap-default\">\n\t\t\t\t\t<div class=\"elementor-column elementor-col-100 elementor-top-column elementor-element elementor-element-5f0aa85\" data-id=\"5f0aa85\" data-element_type=\"column\">\n\t\t\t<div class=\"elementor-widget-wrap elementor-element-populated\">\n\t\t\t\t\t\t<div class=\"elementor-element elementor-element-e939a51 elementor-widget elementor-widget-narestaurant_unique_food_menu\" data-id=\"e939a51\" data-element_type=\"widget\" data-widget_type=\"narestaurant_unique_food_menu.default\">\n\t\t\t\t<div class=\"elementor-widget-container\">\n\t\t\t<div class=\"narep-food-menu-wrap food-menu-four\"><div class=\"narep-food-menu-item-wrap zoom-image hav-img\">\n\t\t\t\t\t\t\t\t\t\t\t              <div class=\"narep-food-menu-item\"><div class=\"narep-image narep-popup\"><a href=\"https:\/\/hotelmiovallarta.com.mx\/qr\/reglamento\/wp-content\/uploads\/2024\/04\/Paloma-de-Charly.jpeg\"><img decoding=\"async\" src=\"https:\/\/hotelmiovallarta.com.mx\/qr\/reglamento\/wp-content\/uploads\/2024\/04\/Paloma-de-Charly.jpeg\" alt=\"La \u00b4paloma de Charly \"><\/a><\/div><\/div><div class=\"narep-food-menu-info\"><h4 class=\"narep-food-menu-title\"><span class=\"food-title\">La \u00b4paloma de Charly <\/span><span class=\"food-price\">$240<\/span><\/h4><p>Raicilla, jugo de pi\u00f1a, jugo de ar\u00e1ndano, hojas de hierbabuena copa ahogada\n       en humo.\n<\/p><\/div>\n\t\t\t\t\t\t\t\t\t\t\t            <\/div><div class=\"narep-food-menu-item-wrap zoom-image hav-img\">\n\t\t\t\t\t\t\t\t\t\t\t              <div class=\"narep-food-menu-item\"><div class=\"narep-image narep-popup\"><a href=\"https:\/\/hotelmiovallarta.com.mx\/qr\/reglamento\/wp-content\/uploads\/2024\/04\/Mi-Licha.jpeg\"><img decoding=\"async\" src=\"https:\/\/hotelmiovallarta.com.mx\/qr\/reglamento\/wp-content\/uploads\/2024\/04\/Mi-Licha.jpeg\" alt=\"Mi Licha \"><\/a><\/div><\/div><div class=\"narep-food-menu-info\"><h4 class=\"narep-food-menu-title\"><span class=\"food-title\">Mi Licha <\/span><span class=\"food-price\">$195<\/span><\/h4><p> Vodka. lemoncello casero, agua mineral\n<\/p><\/div>\n\t\t\t\t\t\t\t\t\t\t\t            <\/div><div class=\"narep-food-menu-item-wrap zoom-image hav-img\">\n\t\t\t\t\t\t\t\t\t\t\t              <div class=\"narep-food-menu-item\"><div class=\"narep-image narep-popup\"><a href=\"https:\/\/hotelmiovallarta.com.mx\/qr\/reglamento\/wp-content\/uploads\/2024\/04\/Mojito-de-Pac.jpeg\"><img decoding=\"async\" src=\"https:\/\/hotelmiovallarta.com.mx\/qr\/reglamento\/wp-content\/uploads\/2024\/04\/Mojito-de-Pac.jpeg\" alt=\"El mojito de pako \"><\/a><\/div><\/div><div class=\"narep-food-menu-info\"><h4 class=\"narep-food-menu-title\"><span class=\"food-title\">El mojito de pako <\/span><span class=\"food-price\">$195<\/span><\/h4><p>Ron, hojas de hierbabuena, jarabe de piloncillo, jugo de lim\u00f3n, bitter de   angostura<\/p><\/div>\n\t\t\t\t\t\t\t\t\t\t\t            <\/div><div class=\"narep-food-menu-item-wrap zoom-image hav-img\">\n\t\t\t\t\t\t\t\t\t\t\t              <div class=\"narep-food-menu-item\"><div class=\"narep-image narep-popup\"><a href=\"https:\/\/hotelmiovallarta.com.mx\/qr\/reglamento\/wp-content\/uploads\/2024\/04\/Cristina-Sour.jpeg\"><img decoding=\"async\" src=\"https:\/\/hotelmiovallarta.com.mx\/qr\/reglamento\/wp-content\/uploads\/2024\/04\/Cristina-Sour.jpeg\" alt=\"Cristina Sour   \"><\/a><\/div><\/div><div class=\"narep-food-menu-info\"><h4 class=\"narep-food-menu-title\"><span class=\"food-title\">Cristina Sour   <\/span><span class=\"food-price\">$195<\/span><\/h4><p>Tequila, infusi\u00f3n de Jamaica. Frutos del bosque       <\/p><\/div>\n\t\t\t\t\t\t\t\t\t\t\t            <\/div><div class=\"narep-food-menu-item-wrap zoom-image hav-img\">\n\t\t\t\t\t\t\t\t\t\t\t              <div class=\"narep-food-menu-item\"><div class=\"narep-image narep-popup\"><a href=\"https:\/\/hotelmiovallarta.com.mx\/qr\/reglamento\/wp-content\/uploads\/2024\/04\/Gin-de-Nubia.jpeg\"><img decoding=\"async\" src=\"https:\/\/hotelmiovallarta.com.mx\/qr\/reglamento\/wp-content\/uploads\/2024\/04\/Gin-de-Nubia.jpeg\" alt=\"El Gin de Nubia \"><\/a><\/div><\/div><div class=\"narep-food-menu-info\"><h4 class=\"narep-food-menu-title\"><span class=\"food-title\">El Gin de Nubia <\/span><span class=\"food-price\">$285<\/span><\/h4><p>Ginebra St Germain, kiwi, jugo de lim\u00f3n, jarabe natural, agua t\u00f3nica, cardamomo en polvo.<\/p><\/div>\n\t\t\t\t\t\t\t\t\t\t\t            <\/div><div class=\"narep-food-menu-item-wrap zoom-image hav-img\">\n\t\t\t\t\t\t\t\t\t\t\t              <div class=\"narep-food-menu-item\"><div class=\"narep-image narep-popup\"><a href=\"https:\/\/hotelmiovallarta.com.mx\/qr\/reglamento\/wp-content\/uploads\/2024\/04\/Gin-Flavios.jpeg\"><img decoding=\"async\" src=\"https:\/\/hotelmiovallarta.com.mx\/qr\/reglamento\/wp-content\/uploads\/2024\/04\/Gin-Flavios.jpeg\" alt=\"Gin Flavios\"><\/a><\/div><\/div><div class=\"narep-food-menu-info\"><h4 class=\"narep-food-menu-title\"><span class=\"food-title\">Gin Flavios<\/span><span class=\"food-price\">$195<\/span><\/h4><p>Ginebra, licor de caf\u00e9, agua t\u00f3nica, twis de lim\u00f3n amarillo.<\/p><\/div>\n\t\t\t\t\t\t\t\t\t\t\t            <\/div><div class=\"narep-food-menu-item-wrap zoom-image hav-img\">\n\t\t\t\t\t\t\t\t\t\t\t              <div class=\"narep-food-menu-item\"><div class=\"narep-image narep-popup\"><a href=\"https:\/\/hotelmiovallarta.com.mx\/qr\/reglamento\/wp-content\/uploads\/2024\/04\/Rafita-Rocas.jpeg\"><img decoding=\"async\" src=\"https:\/\/hotelmiovallarta.com.mx\/qr\/reglamento\/wp-content\/uploads\/2024\/04\/Rafita-Rocas.jpeg\" alt=\"Rafita Rocas \"><\/a><\/div><\/div><div class=\"narep-food-menu-info\"><h4 class=\"narep-food-menu-title\"><span class=\"food-title\">Rafita Rocas <\/span><span class=\"food-price\">$235<\/span><\/h4><p>Offer seamless patient experience - from booking home collections to receiving reports and payments.<\/p><\/div>\n\t\t\t\t\t\t\t\t\t\t\t            <\/div><div class=\"narep-food-menu-item-wrap zoom-image hav-img\">\n\t\t\t\t\t\t\t\t\t\t\t              <div class=\"narep-food-menu-item\"><div class=\"narep-image narep-popup\"><a href=\"https:\/\/hotelmiovallarta.com.mx\/qr\/reglamento\/wp-content\/uploads\/2024\/04\/Mariela.jpeg\"><img decoding=\"async\" src=\"https:\/\/hotelmiovallarta.com.mx\/qr\/reglamento\/wp-content\/uploads\/2024\/04\/Mariela.jpeg\" alt=\"Mariela\"><\/a><\/div><\/div><div class=\"narep-food-menu-info\"><h4 class=\"narep-food-menu-title\"><span class=\"food-title\">Mariela<\/span><span class=\"food-price\">$235<\/span><\/h4><p>Vodka, hojas de albahaca, un tercio de manzana, jugo de lim\u00f3n, jarabe natural. top de GinGer ale.<\/p><\/div>\n\t\t\t\t\t\t\t\t\t\t\t            <\/div><div class=\"narep-food-menu-item-wrap zoom-image hav-img\">\n\t\t\t\t\t\t\t\t\t\t\t              <div class=\"narep-food-menu-item\"><div class=\"narep-image narep-popup\"><a href=\"https:\/\/hotelmiovallarta.com.mx\/qr\/reglamento\/wp-content\/uploads\/2024\/04\/Rey-Cesar.jpeg\"><img decoding=\"async\" src=\"https:\/\/hotelmiovallarta.com.mx\/qr\/reglamento\/wp-content\/uploads\/2024\/04\/Rey-Cesar.jpeg\" alt=\"Rey Cesar \"><\/a><\/div><\/div><div class=\"narep-food-menu-info\"><h4 class=\"narep-food-menu-title\"><span class=\"food-title\">Rey Cesar <\/span><span class=\"food-price\">$175<\/span><\/h4><p>Tequila, jugo de toronja, hojas de albahaca, miel de agave, top de agua mineral<\/p><\/div>\n\t\t\t\t\t\t\t\t\t\t\t            <\/div><\/div>\t\t<\/div>\n\t\t\t\t<\/div>\n\t\t\t\t\t<\/div>\n\t\t<\/div>\n\t\t\t\t\t<\/div>\n\t\t<\/section>\n\t\t\t\t<\/div>\n\t\t","protected":false},"excerpt":{"rendered":"<p>La \u00b4paloma de Charly $240 Raicilla, jugo de pi\u00f1a, jugo de ar\u00e1ndano, hojas de hierbabuena copa ahogada en humo. Mi Licha $195 Vodka. lemoncello casero, agua mineral El mojito de pako $195 Ron, hojas de hierbabuena, jarabe de piloncillo, jugo de lim\u00f3n, bitter de angostura Cristina Sour $195 Tequila, infusi\u00f3n de Jamaica. Frutos del bosque&hellip; <a class=\"more-link\" href=\"https:\/\/hotelmiovallarta.com.mx\/qr\/reglamento\/menu-mixologias\/\">Seguir leyendo <span class=\"screen-reader-text\">Menu Mixologias<\/span><\/a><\/p>\n","protected":false},"author":1,"featured_media":0,"parent":0,"menu_order":0,"comment_status":"closed","ping_status":"closed","template":"..\/public\/views\/revslider-page-template.php","meta":{"footnotes":""},"class_list":["post-2223","page","type-page","status-publish","hentry","entry"],"_links":{"self":[{"href":"https:\/\/hotelmiovallarta.com.mx\/qr\/reglamento\/wp-json\/wp\/v2\/pages\/2223","targetHints":{"allow":["GET"]}}],"collection":[{"href":"https:\/\/hotelmiovallarta.com.mx\/qr\/reglamento\/wp-json\/wp\/v2\/pages"}],"about":[{"href":"https:\/\/hotelmiovallarta.com.mx\/qr\/reglamento\/wp-json\/wp\/v2\/types\/page"}],"author":[{"embeddable":true,"href":"https:\/\/hotelmiovallarta.com.mx\/qr\/reglamento\/wp-json\/wp\/v2\/users\/1"}],"replies":[{"embeddable":true,"href":"https:\/\/hotelmiovallarta.com.mx\/qr\/reglamento\/wp-json\/wp\/v2\/comments?post=2223"}],"version-history":[{"count":13,"href":"https:\/\/hotelmiovallarta.com.mx\/qr\/reglamento\/wp-json\/wp\/v2\/pages\/2223\/revisions"}],"predecessor-version":[{"id":2252,"href":"https:\/\/hotelmiovallarta.com.mx\/qr\/reglamento\/wp-json\/wp\/v2\/pages\/2223\/revisions\/2252"}],"wp:attachment":[{"href":"https:\/\/hotelmiovallarta.com.mx\/qr\/reglamento\/wp-json\/wp\/v2\/media?parent=2223"}],"curies":[{"name":"wp","href":"https:\/\/api.w.org\/{rel}","templated":true}]}}